me factors of 6978440?
2, 5, 7, 24923
What are the prime factors of 128553?
3, 73, 587
What are the prime factors of 1450560?
2, 3, 5, 1511
List the prime factors of 177713.
71, 2503
List the prime factors of 7290175.
5, 163, 1789
List the prime factors of 819626.
2, 409813
What are the prime factors of 721402?
2, 11, 271
What are the prime factors of 207465?
3, 5, 13831
What are the prime factors of 189267?
3, 13, 23, 211
List the prime factors of 1381676.
2, 29, 43, 277
List the prime factors of 3876142.
2, 1938071
What are the prime factors of 7129723?
397, 17959
List the prime factors of 18207103.
43, 229
What are the prime factors of 404697?
3, 277, 487
What are the prime factors of 613439?
613439
What are the prime factors of 859950?
2, 3, 5, 7, 13
What are the prime factors of 370427?
370427
List the prime factors of 98920.
2, 5, 2473
What are the prime factors of 23705?
5, 11, 431
List the prime factors of 3047551.
13, 359, 653
List the prime factors of 4827682.
2, 197, 12253
List the prime factors of 1619247.
3, 7, 83, 929
List the prime factors of 1960354.
2, 11, 89107
What are the prime factors of 1959631?
37, 52963
What are the prime factors of 29180?
2, 5, 1459
List the prime factors of 1180281.
3, 397, 991
What are the prime factors of 149960?
2, 5, 23, 163
List the prime factors of 3078310.
2, 5, 307831
List the prime factors of 19387162.
2, 227, 42703
List the prime factors of 123123.
3, 7, 11, 13, 41
What are the prime factors of 706175?
5, 47, 601
What are the prime factors of 3196810?
2, 5, 319681
List the prime factors of 787557.
3, 262519
What are the prime factors of 9120268?
2, 29, 78623
List the prime factors of 175574.
2, 7, 12541
List the prime factors of 193216.
2, 3019
List the prime factors of 1701955.
5, 17, 20023
List the prime factors of 8525.
5, 11, 31
List the prime factors of 14341742.
2, 23, 139, 2243
What are the prime factors of 183788?
2, 11, 4177
What are the prime factors of 1416005?
5, 173, 1637
What are the prime factors of 955668?
2, 3, 7, 31, 367
What are the prime factors of 433005?
3, 5, 28867
List the prime factors of 1101130.
2, 5, 29, 3797
What are the prime factors of 10802571?
3, 13, 23, 12043
List the prime factors of 431687.
23, 137
List the prime factors of 1260449.
359, 3511
What are the prime factors of 16518?
2, 3, 2753
What are the prime factors of 1154483?
11, 104953
List the prime factors of 1231210.
2, 5, 123121
List the prime factors of 431778.
2, 3, 71963
List the prime factors of 37096704.
2, 3, 1789
List the prime factors of 202328.
2, 7, 3613
List the prime factors of 66100.
2, 5, 661
What are the prime factors of 1350456?
2, 3, 56269
List the prime factors of 645955.
5, 23, 41, 137
What are the prime factors of 14325268?
2, 137, 26141
List the prime factors of 2399033.
7, 13, 41, 643
What are the prime factors of 7303995?
3, 5, 23, 7057
What are the prime factors of 460627?
460627
List the prime factors of 3613926.
2, 3, 602321
List the prime factors of 4980662.
2, 59, 42209
What are the prime factors of 3688414?
2, 1844207
What are the prime factors of 16708169?
16708169
What are the prime factors of 1423352?
2, 7, 3631
List the prime factors of 9608343.
3, 1721, 1861
List the prime factors of 6685129.
11, 55249
List the prime factors of 949580.
2, 5, 79, 601
What are the prime factors of 54037?
54037
List the prime factors of 448932.
2, 3, 11, 19, 179
What are the prime factors of 165964?
2, 41491
What are the prime factors of 307233?
3, 3793
What are the prime factors of 18080290?
2, 5, 1808029
What are the prime factors of 506510?
2, 5, 50651
What are the prime factors of 3814341?
3, 17, 29, 2579
What are the prime factors of 694?
2, 347
What are the prime factors of 3590481?
3, 1091, 1097
What are the prime factors of 251750?
2, 5, 19, 53
List the prime factors of 96906.
2, 3, 31, 521
What are the prime factors of 225755?
5, 163, 277
List the prime factors of 11909002.
2, 7, 383, 2221
List the prime factors of 1699652.
2, 424913
What are the prime factors of 428448?
2, 3, 4463
List the prime factors of 2883091.
2883091
List the prime factors of 169925.
5, 7, 971
List the prime factors of 318707.
47, 6781
What are the prime factors of 321810?
2, 3, 5, 17, 631
List the prime factors of 165477.
3, 13, 4243
List the prime factors of 4507422.
2, 3, 751237
List the prime factors of 380815.
5, 76163
List the prime factors of 3802340.
2, 5, 41, 4637
What are the prime factors of 7448451?
3, 1327, 1871
What are the prime factors of 2652266?
2, 1326133
List the prime factors of 44752840.
2, 5, 11, 17, 31, 193
List the prime factors of 165858.
2, 3, 7, 11, 359
What are the prime factors of 13254?
2, 3, 47
List the prime factors of 12875.
5, 103
What are the prime factors of 23714468?
2, 5928617
What are the prime factors of 19183249?
3359, 5711
List the prime factors of 429320.
2, 5, 10733
What are the prime factors of 7487988?
2, 3, 31, 20129
List the prime factors of 18400.
2, 5, 23
What are the prime factors of 1549934?
2, 29, 26723
What are the prime factors of 195092?
2, 17, 19, 151
List the prime factors of 7147144.
2, 71, 12583
What are the prime factors of 1095819?
3, 31, 11783
List the prime factors of 3689218.
2, 13, 47, 3019
What are the prime factors of 4771107?
3, 11, 48193
What are the prime factors of 765311?
89, 8599
What are the prime factors of 809130?
2, 3, 5, 7, 3853
List the prime factors of 1517996.
2, 379499
List the prime factors of 363158.
2, 107, 1697
What are the prime factors of 2940427?
7, 37, 11353
What are the prime factors of 36587?
36587
List the prime factors of 14060286.
2, 3, 781127
What are the prime factors of 914021?
914021
What are the prime factors of 176942?
2, 88471
What are the prime factors of 142985?
5, 28597
What are the prime factors of 667214?
2, 449, 743
List the prime factors of 2809.
53
What are the prime factors of 2479916?
2, 619979
List the prime factors of 15331187.
15331187
What are the prime factors of 13025923?
13025923
List the prime factors of 2627827.
97, 27091
What are the prime factors of 6020146?
2, 11, 273643
What are the prime factors of 3931235?
5, 7, 11, 10211
What are the prime factors of 816816?
2, 3, 7, 11, 13, 17
List the prime factors of 3765249.
3, 19, 97, 227
List the prime factors of 472972.
2, 23, 53, 97
What are the prime factors of 5324699?
83, 64153
List the prime factors of 1568799.
3, 174311
What are the prime factors of 4164483?
3, 1388161
List the prime factors of 203854.
2, 7, 14561
What are the prime factors of 423236?
2, 11, 9619
What are the prime factors of 199026?
2, 3, 11057
What are the prime factors of 7868310?
2, 3, 5, 41, 6397
List the prime factors of 7596992.
2, 13, 23, 397
What are the prime factors of 11717200?
2, 5, 11, 2663
List the prime factors of 5663398.
2, 13, 217823
List the prime factors of 752944.
2, 47059
What are the prime factors of 14735440?
2, 5, 47, 3919
List the prime factors of 4259247.
3, 1419749
List the prime factors of 8130822.
2, 3, 7, 19, 23, 443
List the prime factors of 12824.
2, 7, 229
What are the prime factors of 1279593?
3, 7, 19, 1069
What are the prime factors of 7854417?
3, 79, 11047
What are the prime factors of 137791?
137791
List the prime factors of 91205.
5, 17, 29, 37
What are the prime factors of 1793366?
2, 223, 4021
List the prime factors of 8430013.
8430013
List the prime factors of 11622858.
2, 3, 13, 149011
What are the prime factors of 893510?
2, 5, 199, 449
List the prime factors of 659213.
67, 9839
What are the prime factors of 844542?
2, 3, 46919
List the prime factors of 780018.
2, 3, 130003
What are the prime factors of 446495?
5, 7, 12757
What are the prime factors of 14595406?
2, 7, 1042529
What are the prime factors of 102845?
5, 67, 307
What are the prime factors of 3311620?
2, 5, 13, 47, 271
List the prime factors of 211127.
7, 30161
List the prime factors of 6325644.
2, 3, 13, 23, 41, 43
What are the prime factors of 182875?
5, 7, 11, 19
List the prime factors of 16541363.
157, 105359
What are the prime factors of 430681?
599, 719
What are the prime factors of 3863317?
3863317
What are the prime factors of 626326?
2, 313163
What are the prime factors of 4843360?
2, 5, 30271
What are the prime factors of 29116102?
2, 97, 150